.
-17
-3 (base 11) to base 10
-3
23 (base 10) to base 6
35
What is 3b (base 16) in base 2?
111011
Convert -112 (base 4) to base 12.
-1a
74 (base 11) to base 8
121
-7 (base 9) to base 2
-111
-3121 (base 4) to base 10
-217
-1 (base 10) to base 4
-1
Convert -160 (base 7) to base 5.
-331
12 (base 10) to base 4
30
4 (base 10) to base 3
11
Convert -86 (base 14) to base 13.
-91
25 (base 9) to base 16
17
Convert 1 (base 3) to base 13.
1
Convert -2 (base 11) to base 14.
-2
Convert 5 (base 6) to base 2.
101
What is -11 (base 8) in base 5?
-14
23 (base 5) to base 4
31
What is 34 (base 12) in base 3?
1111
43 (base 11) to base 14
35
What is 4 (base 8) in base 6?
4
-33 (base 13) to base 7
-60
What is 3 (base 12) in base 15?
3
Convert 18 (base 12) to base 10.
20
Convert 6 (base 11) to base 9.
6
Convert 107 (base 13) to base 14.
c8
What is -1021 (base 3) in base 12?
-2a
Convert 47 (base 12) to base 7.
106
-1 (base 7) to base 4
-1
What is -16 (base 9) in base 11?
-14
What is cc (base 14) in base 15?
c0
Convert 1100 (base 3) to base 12.
30
Convert 1001100 (base 2) to base 7.
136
What is -276 (base 8) in base 2?
-10111110
-11 (base 9) to base 3
-101
Convert -47 (base 14) to base 5.
-223
Convert -5e (base 16) to base 7.
-163
Convert 23 (base 4) to base 5.
21
What is 134 (base 9) in base 13?
88
What is -f (base 16) in base 6?
-23
-224 (base 6) to base 2
-1011000
Convert 11101101 (base 2) to base 5.
1422
Convert -1 (base 6) to base 4.
-1
Convert -63 (base 7) to base 5.
-140
Convert 4 (base 14) to base 16.
4
Convert 1111 (base 2) to base 10.
15
What is -2211 (base 3) in base 6?
-204
What is -37 (base 16) in base 13?
-43
33 (base 6) to base 10
21
What is 73 (base 16) in base 12?
97
What is -6 (base 9) in base 14?
-6
What is -13 (base 6) in base 16?
-9
What is 1 (base 4) in base 10?
1
What is 2 (base 8) in base 7?
2
Convert 2 (base 7) to base 16.
2
Convert -1 (base 5) to base 3.
-1
What is 3 (base 10) in base 16?
3
What is -100 (base 2) in base 13?
-4
What is -1 (base 10) in base 5?
-1
Convert -1cc (base 13) to base 8.
-521
Convert 179 (base 11) to base 4.
3033
Convert 16 (base 14) to base 9.
22
What is 3 (base 11) in base 9?
3
-1011 (base 2) to base 15
-b
10010 (base 2) to base 9
20
What is 13 (base 14) in base 8?
21
-1 (base 4) to base 7
-1
Convert 110111 (base 2) to base 13.
43
Convert 1 (base 5) to base 14.
1
Convert 1d (base 16) to base 12.
25
-2 (base 16) to base 8
-2
Convert -246 (base 9) to base 11.
-176
What is 34 (base 12) in base 3?
1111
What is -2 (base 8) in base 9?
-2
-1 (base 8) to base 12
-1
What is -109 (base 10) in base 6?
-301
Convert 11 (base 2) to base 4.
3
Convert -1 (base 11) to base 3.
-1
1 (base 12) to base 5
1
What is -107 (base 9) in base 10?
-88
Convert -15 (base 9) to base 10.
-14
-447 (base 8) to base 15
-14a
-72 (base 9) to base 14
-49
9 (base 13) to base 15
9
Convert -3 (base 11) to base 2.
-11
Convert -3 (base 8) to base 14.
-3
7 (base 11) to base 8
7
What is -102 (base 3) in base 11?
-10
Convert 1 (base 9) to base 10.
1
What is -ab (base 14) in base 5?
-1101
What is 0 (base 13) in base 11?
0
What is -49 (base 10) in base 13?
-3a
110 (base 3) to base 12
10
10 (base 16) to base 13
13
Convert -1100111 (base 2) to base 9.
-124
Convert 2 (base 12) to base 2.
10
What is -3 (base 7) in base 16?
-3
What is -3 (base 9) in base 15?
-3
Convert -204 (base 6) to base 3.
-2211
-13 (base 7) to base 15
-a
Convert 101 (base 3) to base 14.
a
14 (base 10) to base 9
15
Convert 26 (base 7) to base 13.
17
What is 6 (base 15) in base 14?
6
What is -3 (base 5) in base 7?
-3
52 (base 8) to base 10
42
What is -2b (base 15) in base 8?
-51
What is -221 (base 4) in base 11?
-38
Convert 21 (base 7) to base 9.
16
Convert -3 (base 10) to base 16.
-3
16 (base 16) to base 12
1a
What is 1 (base 10) in base 11?
1
What is -45 (base 11) in base 12?
-41
What is 11 (base 3) in base 4?
10
6 (base 9) to base 12
6
Convert 6 (base 11) to base 16.
6
What is -5 (base 16) in base 15?
-5
Convert 1 (base 6) to base 13.
1
-5 (base 16) to base 2
-101
What is 15 (base 11) in base 13?
13
What is -2 (base 10) in base 15?
-2
What is -5 (base 12) in base 6?
-5
-c (base 15) to base 11
-11
What is -104 (base 13) in base 7?
-335
What is 53 (base 10) in base 9?
58
What is -5 (base 9) in base 8?
-5
What is 152 (base 6) in base 9?
75
What is 4 (base 8) in base 5?
4
What is 5 (base 11) in base 10?
5
What is 20 (base 10) in base 15?
15
What is 1 (base 14) in base 5?
1
Convert 15 (base 7) to base 13.
c
Convert -3 (base 9) to base 6.
-3
-3 (base 13) to base 6
-3
-2331 (base 4) to base 8
-275
Convert 24 (base 9) to base 6.
34
-10 (base 13) to base 16
-d
Convert 20 (base 5) to base 13.
a
What is 12 (base 14) in base 10?
16
What is -21 (base 5) in base 14?
-b
Convert -ac (base 14) to base 12.
-108
Convert -20 (base 3) to base 15.
-6
-9b (base 14) to base 13
-a7
-11 (base 3) to base 6
-4
Convert 11 (base 11) to base 8.
14
Convert -62 (base 8) to base 10.
-50
Convert -2 (base 9) to base 10.
-2
What is 8 (base 15) in base 11?
8
What is 10 (base 3) in base 13?
3
-69 (base 13) to base 3
-10020
Convert -5 (base 10) to base 14.
-5
Convert 14 (base 13) to base 5.
32
Convert 1111 (base 4) to base 7.
151
What is -12000 (base 3) in base 8?
-207
5c (base 14) to base 3
10001
-6 (base 10) to base 6
-10
What is 3 (base 13) in base 4?
3
What is -233 (base 9) in base 15?
-cc
32 (base 8) to base 5
101
-70 (base 12) to base 6
-220
Convert -3 (base 11) to base 10.
-3
What is -2 (base 14) in base 15?
-2
-55 (base 6) to base 7
-50
110 (base 2) to base 14
6
-12122 (base 3) to base 16
-98
Convert -3 (base 16) to base 14.
-3
2 (base 14) to base 11
2
-33 (base 8) to base 3
-1000
-73 (base 10) to base 6
-201
19 (base 10) to base 2
10011
What is -18 (base 12) in base 15?
-15
Convert 1 (base 12) to base 8.
1
33 (base 8) to base 5
102
What is -2 (base 4) in base 12?
-2
What is -21 (base 6) in base 5?
-23
Convert 22 (base 4) to base 11.
a
What is 4 (base 9) in base 8?
4
Convert 100 (base 10) to base 5.
400
What is 27 (base 9) in base 11?
23
-20 (base 5) to base 14
-a
Convert -26 (base 7) to base 12.
-18
What is 100 (base 2) in base 10?
4
Convert 0 (base 6) to base 2.
0
Convert 1 (base 15) to base 13.
1
-10 (base 12) to base 15
-c
101101 (base 2) to base 15
30
Convert -7 (base 9) to base 4.
-13
1111110 (base 2) to base 10
126
Convert 4 (base 8) to base 3.
11
What is 62 (base 15) in base 14?
68
44 (base 12) to base 4
310
Convert 3 (base 16) to base 6.
3
Convert 1 (base 15) to base 7.
1
What is 185 (base 10) in base 11?
159
Convert 16 (base 9) to base 8.
17
Convert 8 (base 14) to base 4.
20
What is -13 (base 4) in base 12?
-7
What is -1200 (base 3) in base 13?
-36
What is ab (base 12) in base 9?
155
Convert 12 (base 4) to base 12.
6
What is -a (base 14) in base 16?
-a
Convert -2e (base 16) to base 12.
-3a
What is -44 (base 6) in base 2?
-11100
What is 166 (base 8) in base 10?
118
What is bb (base 14) in base 7?
324
-4 (base 12) to base 15
-4
Convert 13 (base 13) to base 2.
10000
What is 17 (base 16) in base 2?
10111
Convert 2 (base 5) to base 13.
2
Convert 11 (base 5) to base 7.
6
-d7 (base 14) to base 2
-10111101
8 (base 14) to base 5
13
Convert -6 (base 12) to base 11.
-6
Convert -81 (base 14) to base 9.
-135
What is -14 (base 13) in base 12?
-15
What is 72 (base 10) in base 15?
4c
-234 (base 5) to base 16
-45
-53 (base 15) to base 4
-1032
21 (base 5) to base 4
23
What is 83 (base 9) in base 15?
50
Convert 1 (base 9) to base 14.
1
-10 (base 2) to base 13
-2
Convert c (base 15) to base 6.
20
What is a9 (base 14) in base 10?
149
Convert -3 (base 11) to base 2.
-11
28 (base 15) to base 11
35
Convert -16 (base 12) to base 7.
-24
What is 16 (base 11) in base 7?
23
Convert -8e (base 15) to base 12.
-b2
-21 (base 14) to base 9
-32
de (base 15) to base 2
11010001
-35 (base 8) to base 6
-45
What is -1 (base 10) in base 4?
-1
Convert -1212 (base 4) to base 9.
-123
What is 1aa (base 15) in base 7?
1060
3 (base 12) to base 4
3
Convert -2 (base 6) to base 8.
-2
What is 3 (base 15) in base 12?
3
Convert -3a (base 13) to base 12.
-41
Convert -15 (base 11) to base 10.
-16
What is -5c (base 16) in base 3?
-10102
-82 (base 16) to base 7
-244
Convert -35 (base 9) to base 2.
-100000
-68 (base 13) to base 7
-152
What is 5 (base 15) in base 8?
5
What